 12*r. What is the tens digit of l(v)?
4
Let s = 14 + -12. Let m(p) = 5*p**2 - 4*p + 4. What is the tens digit of m(s)?
1
Let b(z) = 149*z**2 + 6*z - 5. Let p(x) = -x**3 - 6*x**2 - 8*x + 1. Let c be p(-4). What is the hundreds digit of b(c)?
1
Suppose c = 3*b - 3*c - 12661, 0 = 4*b + 2*c - 16852. What is the tens digit of b?
1
Let q(j) = -222*j + 1. What is the tens digit of q(-5)?
1
Let m = 22 - 17. Suppose 2*x - 9 = -o, 4*x + m*o + 0*o - 21 = 0. Let c(i) = 2*i**2 + i + 5. What is the tens digit of c(x)?
4
Suppose 23 + 1 = 2*p. Suppose p*d - 17*d + 60 = 0. What is the tens digit of d?
1
Let v = -18 + 18. Let z be 2 - (37 - v/4). Let d = z + 76. What is the tens digit of d?
4
Suppose -3*l = 3*t - 2460, 0 = -t + 19*l - 15*l + 805. What is the tens digit of t?
1
Let f = -685 - -1095. What is the units digit of f?
0
Let g(j) = -j**3 - 18*j**2 - 26*j + 23. What is the hundreds digit of g(-19)?
8
Let x be (8/10)/(6/(-105)). Let f(g) = -g - 18. Let i be f(x). Let s(j) = j**3 + 6*j**2 + 5*j. What is the units digit of s(i)?
2
What is the units digit of (-4 - -7 - -328) + 3?
4
Let j(x) = -50*x - 43. What is the hundreds digit of j(-10)?
4
Let g(t) = 9*t + 2. Let f be g(-1). What is the units digit of 42/(-15)*(f + -3)?
8
Suppose 2*w = 5*u - 2946, w - 2312 = -5*u + 640. What is the tens digit of u?
9
Let p(c) = 5*c**2 + 9*c + 8. Suppose -12 = -4*g - 40. Let s be p(g). Suppose s = -o + 6*o. What is the tens digit of o?
3
Let z = -144 + 262. Suppose -3*q = -z - 149. What is the units digit of q?
9
Let p = -17 + 114. What is the tens digit of p?
9
Suppose 5*c - 4*c - 1130 = 5*p, 2*p - 1158 = -c. What is the hundreds digit of c?
1
Suppose 3*h - 469 = 587. Let q = -209 + h. What is the tens digit of q?
4
What is the tens digit of 7/(56/270)*(106 - -2)?
4
Suppose -10*z = -11*z + 94. Let j be 2/5 - (-444)/(-10). Let o = j + z. What is the units digit of o?
0
Let a = 265 + -22. What is the units digit of a?
3
Let f = 4294 + -2834. What is the hundreds digit of f?
4
Suppose -32*v + 2*c = -31*v - 709, -2123 = -3*v + 2*c. What is the units digit of v?
7
Let n be (-363*(-2)/(-7))/(6/(-42)). Suppose 5*b - n - 400 = -2*r, -5*b - 3*r + 1124 = 0. What is the hundreds digit of b?
2
Suppose -2*a = -2*w - 2*w + 8, -8 = 3*w - 5*a. Suppose 391 = w*t - 365. What is the tens digit of t?
8
Suppose 3126 = -240*n + 246*n. What is the units digit of n?
1
Let j = 6 + -6. Suppose 8 = -2*x + 16. Suppose j = x*a + 2 - 34. What is the units digit of a?
8
Suppose 2*n + 11 + 9 = 5*q, 0 = -q + 4. Let i be (96/2)/((-1)/(-4)). Suppose n = 3*p - 4*a - 144, -p + i = 3*p - 2*a. What is the tens digit of p?
4
What is the hundreds digit of (1 - (-277)/3)/((-20)/(-60))?
2
Suppose 0 = -12*j + 17*j - 2915. What is the hundreds digit of j?
5
Let z be (-51)/(-1)*2/3. Let v = 21 - 18. Suppose 0 = v*x - 35 - z. What is the tens digit of x?
2
Suppose -20 = 3*i - 7*i. Suppose 7 + i = -y - k, 3*y + 44 = -5*k. What is the tens digit of (4 - 45/6)*y?
2
What is the hundreds digit of 740 - ((-2)/(-1) - 6)?
7
Let l = 31 - 20. Let o(w) = -w**3 + 11*w**2 + 3*w - 23. Let k be o(l). Suppose -k*v = -4*v - 246. What is the tens digit of v?
4
Suppose -4*j = j + 3*b - 46, 0 = -2*j - b + 19. Suppose -j - 6 = 4*y - 3*v, v = -3*y - 16. Let f = y - -21. What is the units digit of f?
6
Let v(s) = -s + 6. Let a be v(6). Suppose b + 6 - 11 = a. Suppose -3*t = b*w - 231, t + t + 198 = 4*w. What is the units digit of w?
8
Let r be (-184)/(-6) + 2/(-3). What is the units digit of 1*((-9)/(-3) + r)?
3
Let c = 2 + 1. Let d(h) = 4 - 10*h**2 + 2 - 4*h + 6*h + h**c. What is the tens digit of d(10)?
2
Suppose -7*z + 4*z = -9. Suppose -3 = -3*r + z. Suppose -r*l - 2 = -28. What is the tens digit of l?
1
What is the thousands digit of (2/7)/(17/((-1041726)/(-12)))?
1
Let a be 6/(-15) + 13/(-5). What is the hundreds digit of (-229)/(a + -1 + 3)?
2
Let i = -972 + 1644. Suppose 3*o - 388 = 2*q, -6*o + o = 3*q - i. What is the hundreds digit of o?
1
Suppose -138 - 30 = 4*b. Let w = 49 - b. What is the units digit of w?
1
What is the units digit of -5 - ((-6)/9 - 1137/9)?
2
Suppose 5*b + 2099 = 2*o, -3*o + 4*o = 2*b + 1052. What is the tens digit of o?
6
Let c(t) = -10*t - 7. Let w(n) = 9*n + 8. Let l(y) = -3*c(y) - 4*w(y). What is the units digit of l(-8)?
7
Let r(t) = 2*t. Let o be r(1). Let u be o - ((-3 - 0) + -80). Suppose -4*l - w = 2*w - 105, -w = 3*l - u. What is the tens digit of l?
3
Let g be -14*3*(-2)/3. Let m = -19 + g. What is the units digit of m?
9
Suppose 4*o - 5 = 3. Let m(c) = 2*c**3 + 10*c**2 + 6*c - 2. Let b be m(-4). Suppose -3*h + b = o*r - 32, -4*h = -4*r + 96. What is the tens digit of r?
2
What is the units digit of (6/(-4))/(3/(-356))?
8
Suppose -y + 5*b = 2*y - 23, 3*b - 27 = -5*y. Let r(z) be the second derivative of z**5/20 - z**4/2 + z**3/2 + 2*z. What is the units digit of r(y)?
8
Let o(p) = p**2 - 2*p - 1. Let g be o(-1). Suppose -3*i - 4*v = -151 - 477, g*i = -v + 412. What is the hundreds digit of i?
2
Let a = 9 + -10. Let t = a - -70. What is the units digit of t?
9
Let i(a) = 170*a - 2. Let n be i(2). Let t = -164 + n. Suppose 9 = -5*k + t. What is the units digit of k?
3
Let u(l) = -7*l**2 + 6*l + 5. Let r(i) = -6*i**2 + 5*i + 4. Let o(p) = -6*r(p) + 5*u(p). Let z = 11 - 6. What is the units digit of o(z)?
6
Suppose -37*d + 5047 + 6571 = 0. What is the hundreds digit of d?
3
Let l = 472 + -217. What is the units digit of l?
5
Suppose 1035 = 11*k - 2*k. What is the hundreds digit of k?
1
Let i be (-7 - -142) + 6/2 + 0. Let w = 375 - i. What is the units digit of w?
7
Suppose -2*z - 2 = -3*f, 13 + 5 = 4*z + 5*f. Let r be 2 + 12/(1 + z). What is the tens digit of 2/r*528/8?
2
Let b be 1 - -1 - (-1 + 1). What is the units digit of 2*(6 + 2)*b?
2
Let t(l) = 26*l**2 - 4. Let u be t(2). Suppose -3*r + 859 = u. What is the units digit of r?
3
Let l be 6/(-15) + (-36)/10. Let o = -14 - l. What is the units digit of (0 - 7)/(-11 - o)?
7
Let f(i) = 23*i**2 + 7*i + 12. Let n be f(7). What is the units digit of (-1 - n/(-7)) + 102/357?
9
Let c = 1880 + -838. What is the units digit of c?
2
Suppose 0 = -4*c + 120 - 788. Let t = c + 273. What is the tens digit of t?
0
Let j(p) = p + 21. Let l be (-34)/(-51)*15/(-2). Let d(i) = -2*i**2 - 7*i + 2. Let u be d(l). What is the units digit of j(u)?
8
Let l be ((-20)/3)/(11/(-198)). Suppose 0 = 3*m + t - 114, -4*m + m + t = -l. What is the units digit of m?
9
Let d = -543 + 779. Suppose -d = c + 3*c. Let j = 85 + c. What is the tens digit of j?
2
Let w = 32 + -34. Let h = w + 7. What is the units digit of h?
5
Let z be -2 + (-3 - -1)*(0 - 1). Suppose z = 11*l - 72 - 71. What is the tens digit of l?
1
What is the units digit of (-12)/18 - (-10184)/3?
4
Suppose 17 = -w - 15. Suppose 54 + 90 = 3*v. Let y = v + w. What is the units digit of y?
6
Suppose 2*j = 6*c - 2*c + 180, 0 = -5*j + c + 450. What is the tens digit of j?
9
Let l = 72 + 735. What is the tens digit of l?
0
Suppose 3*k = 6*k - 9. Suppose 0 = 7*u - k*u - 36. What is the units digit of u?
9
Let i(k) = 2*k**2 + 2*k - 2. Let x be i(1). Suppose 3*t = x*t + 4. Suppose 2*g = m + 147, 3*g - 6*g - t*m = -204. What is the units digit of g?
2
Suppose 0 = 2*n + 3 - 5. Let p be ((-65)/(-13))/(2 - n). Suppose -76 = -2*r - 2*z, -3*r + 107 + 7 = -p*z. What is the tens digit of r?
3
Let s be (1 - 0)*-7*-1. Let y(m) = -2*m + 3 - m - s - 3. What is the units digit of y(-9)?
0
Let g(u) = -u**3 - 2*u**2 + 5*u + 6. Let p be g(-3). Suppose p = -5*z + 7*z - 108. What is the tens digit of z?
5
Let k(a) = 3*a**2 + a + 11. Let w be k(5). Let p = w + -25. Suppose 0*r = 3*r - p. What is the tens digit of r?
2
Suppose 20*l = 17*l - 9. Let a be 12*(-4)/(-36)*l. What is the units digit of (a + 5)*(2 + 62)?
4
Let j(r) = 4*r**3 + 11*r**2 + r - 76. What is the hundreds digit of j(6)?
1
Let v(b) = -b**3 - b. Let h(r) = 4*r**3 - 6*r**2 - 7*r. Let x(n) = -h(n) - 3*v(n). Let p = -47 - -54. What is the tens digit of x(p)?
2
Let l = 585 - 243. What is the tens digit of l?
4
Let y(n) = -101*n + 7. What is the hundreds digit of y(-2)?
2
What is the units digit of 66270/20 - -9 - 3/(-6)?
3
Let h be -7*(-8)/(-16)*(6 - 0). What is the tens digit of (-151)/(-1) + 21/h?
5
Let t = -145 - -144. What is the units digit of 46 + 8 + 2/t?
2
Let c be -2 - (5 